6?
True
Is 928556 a multiple of 46?
True
Is 2741382 a multiple of 310?
False
Is 7309080 a multiple of 180?
True
Is 8756900 a multiple of 22?
False
Does 14 divide 999167?
False
Is 11 a factor of 2336934?
False
Does 9 divide 348579?
True
Is 150 a factor of 1655700?
True
Does 102 divide 1635159?
False
Is 49519 a multiple of 24?
False
Is 51 a factor of 211650?
True
Is 9653458 a multiple of 6?
False
Does 278 divide 324143?
False
Does 3 divide 257130?
True
Is 33 a factor of 99000?
True
Is 77584 a multiple of 26?
True
Does 10 divide 9608250?
True
Does 24 divide 15824740?
False
Is 25 a factor of 14225?
True
Is 580 a factor of 14745377?
False
Does 30 divide 6244830?
True
Does 12 divide 147004?
False
Is 1544 a factor of 5388560?
True
Is 356248 a multiple of 4?
True
Is 78 a factor of 114114?
True
Does 30 divide 17616450?
True
Does 61 divide 21228?
True
Is 63 a factor of 25464?
False
Does 80 divide 329920?
True
Is 139 a factor of 1155986?
False
Is 89577 a multiple of 41?
False
Does 84 divide 1588692?
True
Does 256 divide 400384?
True
Is 85663 a multiple of 13?
False
Is 103 a factor of 1589290?
True
Does 15 divide 9155250?
True
Is 3 a factor of 21978?
True
Is 1866312 a multiple of 261?
False
Is 347536 a multiple of 94?
False
Is 386252 a multiple of 68?
False
Does 123 divide 109901?
False
Is 1132 a multiple of 283?
True
Is 295 a factor of 366367?
False
Is 753408 a multiple of 218?
True
Is 3386880 a multiple of 29?
False
Is 59 a factor of 130685?
True
Does 164 divide 30729013?
False
Does 130 divide 147680?
True
Does 137 divide 243586?
True
Does 690 divide 19911821?
False
Is 772 a factor of 3120570?
False
Is 328419 a multiple of 71?
False
Is 59 a factor of 1266907?
True
Is 47432 a multiple of 59?
False
Is 258 a factor of 662650?
False
Is 728937 a multiple of 87?
False
Is 6 a factor of 99822?
True
Is 6 a factor of 876870?
True
Does 11 divide 236170?
True
Is 1464072 a multiple of 212?
True
Is 324216 a multiple of 27?
True
Is 767 a factor of 23981789?
True
Is 5735424 a multiple of 384?
True
Does 14 divide 234178?
True
Is 13 a factor of 109887?
False
Does 4 divide 1227948?
True
Is 5001648 a multiple of 158?
True
Does 10 divide 81543?
False
Is 1550643 a multiple of 149?
True
Is 145 a factor of 436885?
True
Is 349042 a multiple of 47?
False
Does 21 divide 20912?
False
Does 111 divide 488823?
False
Is 101889 a multiple of 23?
False
Is 834384 a multiple of 126?
False
Is 1913460 a multiple of 6?
True
Is 183 a factor of 6399327?
True
Does 2 divide 38875?
False
Does 79 divide 42965?
False
Is 708292 a multiple of 214?
False
Does 35 divide 1248705?
False
Is 50319 a multiple of 68?
False
Is 28245 a multiple of 3?
True
Is 11 a factor of 494109?
True
Is 4426766 a multiple of 604?
False
Is 18151543 a multiple of 16?
False
Is 1755 a multiple of 27?
True
Is 18326 a multiple of 14?
True
Is 3 a factor of 4224?
True
Does 340 divide 1945820?
True
Is 256355 a multiple of 605?
False
Is 437493 a multiple of 26?
False
Does 960 divide 11497889?
False
Is 2673 a factor of 16658278?
False
Is 128 a factor of 18592?
False
Is 4 a factor of 114731?
False
Does 46 divide 1148528?
True
Is 4909134 a multiple of 19?
False
Is 218260 a multiple of 140?
True
Is 69415 a multiple of 33?
False
Is 398 a factor of 5713290?
True
Is 24 a factor of 1721112?
True
Does 83 divide 527117?
False
Is 20 a factor of 91080?
True
Does 106 divide 207786?
False
Does 101 divide 372393?
False
Is 10 a factor of 6088980?
True
Does 179 divide 2455082?
False
Does 38 divide 164445?
False
Is 27104 a multiple of 143?
False
Is 75 a factor of 2226536?
False
Is 35655 a multiple of 54?
False
Is 62 a factor of 80476?
True
Does 31 divide 838006?
False
Is 3996650 a multiple of 7?
True
Is 251685 a multiple of 153?
True
Is 387 a factor of 702792?
True
Is 2687664 a multiple of 133?
True
Does 11 divide 184426?
True
Does 120 divide 9337197?
False
Is 22653 a multiple of 7?
False
Does 733 divide 4326899?
True
Is 6 a factor of 8631210?
True
Is 10 a factor of 1129450?
True
Does 24 divide 169361?
False
Is 21693 a multiple of 3?
True
Is 9 a factor of 174096?
True
Is 19 a factor of 73728?
False
Is 41519 a multiple of 33?
False
Does 30 divide 243000?
True
Does 775 divide 11081722?
False
Is 159613 a multiple of 697?
True
Is 2873671 a multiple of 21?
False
Does 214 divide 118128?
True
Does 170 divide 4571604?
False
Does 11 divide 244284?
False
Is 13945598 a multiple of 653?
False
Does 25 divide 639275?
True
Does 58 divide 163711?
False
Is 541008 a multiple of 326?
False
Does 69 divide 493418?
False
Is 95023 a multiple of 569?
True
Does 696 divide 706440?
True
Is 34 a factor of 1088136?
True
Is 2 a factor of 1173272?
True
Is 4081 a multiple of 11?
True
Does 3 divide 2476974?
True
Is 437 a factor of 8378159?
False
Is 113120 a multiple of 160?
True
Does 87 divide 63597?
True
Is 132055 a multiple of 55?
True
Does 3 divide 203995?
False
Is 62532 a multiple of 118?
False
Is 14 a factor of 683930?
False
Is 156 a factor of 1088889?
False
Does 66 divide 4552152?
True
Is 4330700 a multiple of 220?
True
Does 17 divide 323051?
True
Is 130 a factor of 753950?
False
Is 13978 a multiple of 29?
True
Is 202 a factor of 224993?
False
Does 32 divide 436925?
False
Is 263 a factor of 13264931?
True
Does 140 divide 1104740?
True
Is 118 a factor of 51566?
True
Is 47 a factor of 1010436?
False
Is 401380 a multiple of 479?
False
Is 3204096 a multiple of 1344?
True
Is 66762 a multiple of 14?
False
Is 127 a factor of 8793613?
False
Does 275 divide 389125?
True
Does 19 divide 235201?
True
Is 137748 a multiple of 156?
True
Is 235299 a multiple of 123?
True
Does 20 divide 4147640?
True
Does 6 divide 4124275?
False
Is 165351 a multiple of 9?
False
Does 157 divide 21333839?
False
Does 166 divide 466626?
True
Is 81663 a multiple of 30?
False
Is 457 a factor of 12906501?
False
Does 793 divide 15902823?
False
Is 44 a factor of 951060?
True
Is 823825 a multiple of 5?
True
Is 45 a factor of 593640?
True
Does 38 divide 3059983?
False
Is 11 a factor of 8174727?
True
Is 1301 a factor of 4761187?
False
Is 637 a factor of 132672?
False
Does 6 divide 270234?
True
Is 23 a factor of 1058173?
False
Is 236 a factor of 7037147?
False
Does 381 divide 228913?
False
Is 11400642 a multiple of 117?
False
Is 1318452 a multiple of 138?
True
Does 26 divide 12432030?
True
Is 2740780 a multiple of 18?
False
Does 312 divide 2723812?
False
Is 64 a factor of 389307?
False
Is 13 a factor of 6335384?
False
Is 7725334 a multiple of 9?
False
Does 129 divide 196678?
False
Does 27 divide 157248?
True
Is 32 a factor of 123616?
True
Is 10 a factor of 116240?
True
Does 450 divide 1791964?
False
Is 23257 a multiple of 6?
False
Is 139 a factor of 45731?
True
Is 8779140 a multiple of 453?
True
Is 535848 a multiple of 24?
True
Is 216 a factor of 271930?
False
Does 91 divide 3671850?
True
Is 646600 a multiple of 53?
True
Is 195237 a multiple of 3?
True
Is 1980259 a multiple of 221?
False
Is 1151781 a multiple of 379?
True
Is 1593066 a multiple of 31?
False
Is 3817346 a multiple of 41?
True
Is 3332168 a multiple of 338?
False
Does 30 divide 2152440?
True
Is 374085 a multiple of 18?
False
Does 172 divide 226242?
False
Is 53713 a multiple of 257?
True
Is 17533 a multiple of 18?
False
Does 47 divide 8735514?
True
Is 10 a factor of 39504?
False
Is 76197 a multiple of 11?
True
Is 327726 a multiple of 119?
True
Is 4263945 a multiple of 13?
False
Does 379 divide 5366130?
False
Is 152982 a multiple of 9?
True
Does 144 divide 813312?
True
Is 6057865 a multiple of 187?
True
Does 12 divide 3898332?
True
Is 2428944 a multiple of 84?
True
Does 7 divide 79597?
True
Does 66 divide 805749?
False
Does 11 divide 2497704?
True
Does 57 divide 768260?
False
Is 174 a factor of 1183272?
False
Is 9468 a multiple of 9?
True
Is 117 a factor of 462150?
True
Does 35 divide 868490?
True
Is 684659 a multiple of 10?
False
Is 180 a factor of 102960?
True
Does 8 divide 504688?
True
Does 114 divide 257982?
True
Is 2306 a factor of 10019570?
True
Does 22 divide 3073158?
True
Does 333 divide 33300?
True
Does 19 divide 451699?
False
Is 47 a factor of 155241?
True
Is 11 a factor of 1777645?
False
Is 1709131 a multiple of 20?
False
Does 82 divide 1545785?
False
Does 125 divide 11037640?
False
Is 1343048 a multiple of 484?
False
Does 7 divide 273056?
True
Is 1